 149 + -154. Let v(p) = -11*p + 2. Let k(h) = 9*h - 2. Let n(f) = r*v(f) - 6*k(f). Calculate n(-2).
0
Let s(w) be the first derivative of -w**2 - 47*w - 739. Calculate s(-22).
-3
Suppose -h = 2*h - 99. Let f = -29 + h. Let k(r) = 3*r + 1 + 2*r**2 - 6 + 3 - 3*r**2. What is k(f)?
-6
Let l be ((-246)/(-205))/((-27)/45). Let a(x) = -x - 21. Give a(l).
-19
Let n(q) be the third derivative of 1/20*q**5 - 1/24*q**4 + 1/120*q**6 + 1/6*q**3 - 209*q**2 + 0*q + 0. Determine n(-3).
4
Let o(t) be the second derivative of t**4/12 - t**3/3 - 3*t**2/2 + 12*t. Let z be 1 + (-145)/(-45) + 4/(-18). Let a be 3 - (3 - (-2 + -4 + z)). Determine o(a).
5
Suppose -18*j = 2*j - 60. Let w(p) = -1891*p**2 + 7*p**3 + 1892*p**2 - p**j. Determine w(1).
7
Suppose -49*o + 39*o = 80. Let s(h) = 7*h**2 + 3*h + 2. Let z(n) = 6*n**2 + 4*n + 2. Let g(u) = -5*s(u) + 6*z(u). Calculate g(o).
-6
Let n be (20/(-45)*-3)/((-6)/(-9)). Suppose 0*m + 2*m = -y + 8, -n*m + 4 = -y. Let j(l) = l - 10*l**3 + 28*l**3 - 2*l**y - 20*l**3. What is j(1)?
-3
Let a(w) = 4*w + 23. Let o be 1620/189 + 4/(-7). Calculate a(o).
55
Suppose -2*r + 7 = 2*q + 3*r, -2*q - 2 = 2*r. Let j(t) be the first derivative of t**2 + 2*t - 9868. Calculate j(q).
-6
Suppose -267*t = -269*t + 914. Let c = 452 - t. Let n(z) = -3*z**3 - 4 + 6*z**2 + 7*z**3 - 3*z**3 + 6*z. What is n(c)?
-9
Let c(y) = -y**2 - 2*y + 6. Let k be (1 - 5) + (14 - 13). Give c(k).
3
Suppose 56 = -7*c + 4*p, 2*p - 3 - 31 = 4*c. Let b(f) = f**3 + 10*f**2 - 24*f + 20. Give b(c).
20
Let l(m) = -29 + 8 + 10 + 14 - 10*m. Let i be 10/(-4)*(-16)/(-10). Let b be -8 - i - 0 - -6. Determine l(b).
-17
Let a(y) = 24*y + 38. Suppose 115618 = 17*s + 115652. Give a(s).
-10
Let z(r) = -r**2 - 5*r + 2. Let g be ((-8)/(-10))/((-124)/1240). Determine z(g).
-22
Let o(g) = -g**2 - 3*g + 10. Suppose -4*z = 2*w - 12, 34*w + 5*z - 6 = 33*w. Give o(w).
-44
Let m(x) = x**2 + x. Let n(k) = 12*k**2 + 5*k + 1. Let z(f) = -4*m(f) + n(f). Let v = 0 + 2. Suppose -v*s + 1 - 3 = 0. Determine z(s).
8
Suppose -1210 - 1282 = -7*n. Let m = -356 + n. Let y(s) = s**3 - s**2 + 33. Give y(m).
33
Let r be 1 - (0 + -3 + 3 + -4). Let t(v) = 164*v**3 - r*v + 164*v**3 + 6*v**2 + 6 - 329*v**3. Give t(5).
6
Let f(k) = 2*k**2 - 4*k - 6. Let t = 1675 - 1675. Calculate f(t).
-6
Let w(d) = 148*d - 619*d + 157*d + 155*d - 59 + 157*d + d**2. Give w(0).
-59
Let j(u) be the third derivative of u**5/30 + 5*u**4/24 - 3*u**3/2 + u**2 + 1021. Calculate j(-8).
79
Let v(t) = 13455*t + 121099. Let f be v(-9). Let i(x) = 4*x**3 + 3*x - 10. Let w(j) = j + 0 - 3 + 2 - j**2 + j**3. Let a(p) = i(p) - 5*w(p). Calculate a(f).
3
Let z(b) be the first derivative of 2*b**2 - 1 + 4*b - 2*b**2 - 6*b**2 + 5*b**2. Let l be 3*(-42)/(-27) + (-8)/12. Calculate z(l).
-4
Suppose 0*t + 5*t - 4*k = -1, t + 13 = 4*k. Let i(s) = 240*s**t - 488*s**3 - 5 + 249*s**3 + 6 + 12 + 3*s**2. Give i(-4).
-3
Let m(n) = n**2 + 10*n + 18. Let z be m(-6). Let p(v) be the second derivative of -v**3/3 + 5*v**2/2 + 78*v. Determine p(z).
17
Let r(b) = -2*b**2 + b + 1. Let c(t) = -t**2 + 31*t + 22. Let u be c(14). Let d be u/(-325)*10/4. What is r(d)?
-9
Let g = -4 - -7. Let n = -1443 + 1448. Let v(z) = -6*z + z + g + 4*z + n. Determine v(9).
-1
Suppose i - 3*b + 9 = 0, 2*b = 5*i + b + 45. Let j(f) = 16*f + 138. Determine j(i).
-6
Let r(g) be the second derivative of 13/2*g**2 - 1/6*g**3 + 16*g + 0. Let m(c) = 9*c - 53. Let y be m(7). Give r(y).
3
Let t(i) = i**2 + 12*i + 33. Suppose 9 = v + 1. Suppose -v*g - 18 = -5*g. Let n be t(g). Let l(c) = c**3 + 4*c**2 + 3*c + 1. What is l(n)?
1
Let b(v) be the first derivative of v**4/12 + v**3/2 + 31*v**2/2 - 3. Let k(a) be the second derivative of b(a). Give k(4).
11
Let p(q) = q - 2. Suppose -4*s + 14 = -2*s. Let z = -2 + s. Suppose 4*g - v = 22, -z = -g - 2*g - 5*v. Give p(g).
3
Let z(u) = u**2 - 4*u + 13. Let v be z(4). Suppose 4*n - 8*n - 4 = -4*m, -v = -3*m - 2*n. Let i(r) be the first derivative of -r**2/2 + r + 3. Calculate i(m).
-2
Let v(d) = d**3 + 17*d**2 + 17*d + 11. Let r be v(-16). Let i(o) = o**2 + 5*o + 4. Let u be i(r). Let b(l) = l**2 - 3 + 6 - 4*l - 4. What is b(u)?
-1
Let z(o) = -7*o**3 + 9*o**2 - 52*o - 36. Let p(m) = -6*m**3 + 11*m**2 - 43*m - 37. Let k(h) = -6*p(h) + 5*z(h). Give k(21).
0
Let a = 137 + -147. Let t(i) = -i**2 + 196 - 10*i - 196. What is t(a)?
0
Let v(t) be the second derivative of 5/2*t**2 + 23*t + 2 + 1/6*t**3. Let w = -8 + 5. Give v(w).
2
Let p = 21 + -12. Let d(w) = -15*w**3 - 8*w**2 - 11*w - 11. Let k(s) = -13*s**3 - 8*s**2 - 11*s - 8. Let r(j) = 7*d(j) - 8*k(j). Give r(p).
5
Let c(r) = -r**3 - 639 + 1238 - 8*r**2 - 605 - 2*r. Give c(-4).
-62
Let o be (27 + -52)/(1 - -1 - 1). Let k = o - -19. Let q(g) = -g**3 - 6*g**2 - 2*g - 7. Determine q(k).
5
Let m(a) = a**3 + 7*a**2 - 5*a + 11. Let z = -3247 + 3239. Give m(z).
-13
Suppose 0 = w - 5*n - 28, 14*w + 10 = 19*w + n. Let z(v) = -7 + 5*v**2 + v + 2442*v**3 + 0*v**2 - 2441*v**w. Calculate z(-5).
-12
Let h = -16940 + 16912. Let v(x) = 3*x + 107. Give v(h).
23
Let w(c) = c**2 - 10*c + 7. Suppose 4*m - 31*h - 5 = -30*h, h + 5 = 3*m. Let o be -5 + -4*(-45)/12 + m. Determine w(o).
7
Let i(n) = -4*n**3 + 13*n**2 - 30*n - 30. Let c(q) = q**3 + 3*q. Let t(z) = 5*c(z) + i(z). What is t(-14)?
-16
Let a(d) = -11*d**2 + 17*d**2 - 7*d**2. Let q(r) = r + r - 4*r - r**3 - 5*r**2 + 3*r. Let z(j) = 6*a(j) - q(j). Determine z(0).
0
Let k(t) be the second derivative of 9*t**2 + 1/12*t**4 + 7*t - 2 + 1/6*t**3. Give k(0).
18
Let x(b) = b - 137 - 134 + 414 - 3*b - 144. Suppose -2*m - 6 = 0, 4*i + 3*m + 5 = -0*m. Give x(i).
-3
Let d be ((-72)/12)/(4/(-50)). Let f = d - 62. Suppose -10*r = -f*r - 18. Let u(t) = -t**3 - 7*t**2 - 6*t. What is u(r)?
0
Let n(h) = 775*h**2 - 247*h - 17. Let o(i) = -172*i**2 + 62*i + 4. Let z(d) = -2*n(d) - 9*o(d). Determine z(-32).
-2
Let n(a) be the second derivative of 2*a**3/3 - 3*a**2/2 - 12*a - 781. Let y(t) = -t. Let o be y(-1). Give n(o).
1
Suppose -84*s + 171 - 469 = 206. Let u(y) = 4*y**2 + 25*y + 7. Determine u(s).
1
Let z = 17 - 10. Suppose n = -z*n. Suppose -8*p + 0 + 16 = n. Let s(j) = j**2 + 4*j - 3. What is s(p)?
9
Let o(d) be the first derivative of -7*d**2/2 + 60*d - 7929. Calculate o(9).
-3
Let p = -5081 - -5102. Let l(t) = -t + 38. Determine l(p).
17
Let m(d) = 45*d - 110. Let j be m(8). Let r = 245 - j. Let p(w) = -w**2 - 8*w - 12. Determine p(r).
3
Suppose 0*t = -2*t, -3*t = -4*f + 852. Let x = f + -220. Let d(n) = -n**3 - 7*n**2 - 3*n + 10. What is d(x)?
31
Let h(b) = -2*b + 13. Suppose -7*o + 2*o = -4*i + 87, 4*o + 92 = 4*i. Let m be (i/(-3) - -6)*-3. What is h(m)?
-7
Let g(i) = 73*i + 74. Let o(q) = 52*q + 49. Let h(f) = 5*g(f) - 7*o(f). Let w = -15 + 4. Give h(w).
16
Let i(w) = -w**2 - 5*w + 3. Let r be i(-5). Let y = -106 - -108. Let u(m) = 0 - 2 - m**r + 0 - 7*m**y - 7 - 2*m. Give u(-7).
5
Suppose -101 - 123 = -16*u. Let f(o) = 2*o - 20. Calculate f(u).
8
Let u(a) = -5*a - 10. Let f(k) = 9*k + 31. Let b(r) = -6*r - 21. Let t(p) = -7*b(p) - 5*f(p). Let c(w) = -3*t(w) + 2*u(w). Calculate c(-12).
16
Let a(x) = 297 - 599 - 92*x + x**2 + 284 + 77*x. What is a(19)?
58
Let y(h) = 7*h - 9. Let o be y(3). Let q = 77 + -68. Let n(j) = o - q - 5 - j. What is n(7)?
-9
Let r(n) = 4*n**2 - 8*n + 60. Let j(o) = -5*o**2 + 8*o - 39. Let w(c) = -3*j(c) - 2*r(c). What is w(4)?
77
Let f(k) = -252*k**2 - 2*k + 3*k + 251*k**2. Let b(g) = 3*g**2 - 8*g + 5. Let w(d) = -b(d) - 2*f(d). Let h(c) be the first derivative of w(c). Give h(6).
-6
Suppose -4*o = -5*a - 19, -189*a = -194*a + 2*o - 17. Let q(i) = i**2 - 38*i - 122. What is q(a)?
1
Let d(x) = -5*x**3 + 92*x**2 - 2*x + 6. Let z(r) = -9*r**3 + 161*r**2 - 2*r + 14. Let u(q) = 7*d(q) - 4*z(q). Determine u(3).
-5
Suppose 5*q + 25 = b + 10*q, 0 = -4*b + 2*q - 10. Let x(a) = -2*a + 1. Let k be x(-1). Let h(y) = 1 - 6*y + 2*y + k*y + 2*y. What is h(b)?
1
Let h(w) = -5*w**2 - 5*w - 39. Let q(g) = -21*g**2 - 22*g - 169. Let t(r) = -26*h(r) + 6*q(r). Let k = -20 - -22. Determine t(k).
12
Let h(b) = 105*b + 8. Let t(y) = 578*y + 43. Let s(k) = -11*h(k) + 2*t(k). Determine s(-2).
-4
Let q = 332 + -337. Let i be 1/7 - 192/(-28). Let m(j) = i + 7*j - 7 + j**2 + 7. Calculate m(q).
-3
Let c(v) be the third derivative of v**6/40 + 17*v**5/30 - 11*v**4/12 + 7*v**3/2 + 2*v**2 - 